ime number?
False
Is 97781617 a prime number?
True
Is 195407141 a composite number?
True
Is 13964719361 a composite number?
True
Is 4771950569 a composite number?
True
Is 519480971 prime?
False
Is 11716492159 prime?
False
Is 68143987 a prime number?
True
Is 147650670571 composite?
True
Is 3208187747 composite?
True
Is 602213179 prime?
True
Is 2115826877 composite?
True
Is 1902921947 prime?
False
Is 24428721019 prime?
False
Is 416831791 a composite number?
True
Is 129534487 a composite number?
False
Is 155627603 a prime number?
True
Is 28436373223 a composite number?
True
Is 1648079221 prime?
True
Is 8673140893 a composite number?
True
Is 148628482687 a prime number?
True
Is 10303366313 prime?
False
Is 171023747 composite?
False
Is 287887309 a prime number?
True
Is 455184449 prime?
True
Is 11843036531 a prime number?
True
Is 8657453929 composite?
True
Is 707310077 composite?
True
Is 19378796341 a composite number?
False
Is 2675031235 a composite number?
True
Is 180805968331 prime?
True
Is 4620665951 prime?
False
Is 2886318319 a composite number?
False
Is 6638363317 composite?
True
Is 2671161203 a prime number?
False
Is 6277302215 a composite number?
True
Is 2919886367 composite?
False
Is 44802337643 a prime number?
False
Is 8941264751 a composite number?
False
Is 6015345257 prime?
False
Is 13945717333 a prime number?
False
Is 330247223 prime?
True
Is 869992061 a prime number?
True
Is 218407104627 a composite number?
True
Is 1594671703 a prime number?
True
Is 38952455935 composite?
True
Is 12592066119 a prime number?
False
Is 14108079547 a prime number?
True
Is 16925555267 a prime number?
False
Is 13177813031 a prime number?
True
Is 80219015497 composite?
False
Is 2385041306 composite?
True
Is 885131119 composite?
True
Is 132104611 prime?
True
Is 5039122651 composite?
False
Is 1890148903 a composite number?
False
Is 58741413439 composite?
True
Is 2450275507 composite?
True
Is 3094769683 composite?
False
Is 92222574595 prime?
False
Is 2513326379 composite?
True
Is 104048533 prime?
True
Is 200145391 prime?
True
Is 37476070591 composite?
True
Is 939181981 a prime number?
True
Is 351195179 prime?
True
Is 1977471838 a prime number?
False
Is 43740397399 composite?
False
Is 68601085567 a prime number?
False
Is 7739036147 a composite number?
False
Is 290105743 composite?
False
Is 452154611 composite?
False
Is 1371613913 composite?
True
Is 1889609053 prime?
False
Is 8764852427 a composite number?
False
Is 820436317 prime?
False
Is 34668154351 composite?
True
Is 5054514697 a composite number?
False
Is 91727959 a prime number?
True
Is 60642133 a prime number?
True
Is 243604733 composite?
True
Is 35769308821 a prime number?
False
Is 6475954559 a composite number?
True
Is 506850671 prime?
True
Is 198779973059 composite?
True
Is 83794763567 a prime number?
True
Is 19140037457 a prime number?
True
Is 257484991 a composite number?
False
Is 11039010313 a composite number?
False
Is 6202673251 composite?
False
Is 28831846 a composite number?
True
Is 33362302957 a composite number?
False
Is 1666134853 a prime number?
False
Is 188194553 a prime number?
False
Is 18344797169 composite?
False
Is 1263495971 a prime number?
False
Is 832966469 a composite number?
False
Is 4068907849 composite?
False
Is 6397354771 a prime number?
False
Is 13602452911 a prime number?
False
Is 10146012729 composite?
True
Is 1379957149 a prime number?
True
Is 294815749 prime?
False
Is 69607015139 a composite number?
False
Is 40983658279 a composite number?
False
Is 1260127399 prime?
True
Is 6406489553 a prime number?
True
Is 25275527587 a prime number?
True
Is 5082756167 prime?
True
Is 2568181897 a composite number?
False
Is 132172987363 a composite number?
False
Is 963290971 prime?
True
Is 33033654331 composite?
False
Is 3198945227 a prime number?
False
Is 25397773339 a composite number?
True
Is 3170736643 prime?
False
Is 23012845781 prime?
True
Is 378197803 composite?
True
Is 44355656591 prime?
True
Is 1604797189 a composite number?
True
Is 123316009 a prime number?
False
Is 2016251393 prime?
False
Is 10936657981 composite?
False
Is 1308421717 a prime number?
True
Is 38175413 prime?
True
Is 1820499701 composite?
False
Is 414653851 a prime number?
False
Is 65754873203 composite?
True
Is 2913441569 a prime number?
True
Is 15316759649 a composite number?
True
Is 38817313039 a prime number?
True
Is 166694893 a composite number?
False
Is 18338052409 a composite number?
False
Is 8437886449 prime?
True
Is 3938098117 prime?
True
Is 2259557819 a composite number?
False
Is 1707311441 prime?
False
Is 2961962461 a composite number?
True
Is 929162419 a prime number?
True
Is 528746501 prime?
True
Is 1318444321 prime?
True
Is 239202307 a prime number?
False
Is 25932073 a prime number?
True
Is 18414149653 a composite number?
True
Is 6399198331 a prime number?
False
Is 2076934837 a composite number?
False
Is 18018584755 prime?
False
Is 8094159061 a composite number?
True
Is 6146327699 a prime number?
False
Is 1026867433 a prime number?
True
Is 3029315357 composite?
True
Is 8260989794 a prime number?
False
Is 106535801 composite?
False
Is 357171046 a prime number?
False
Is 166664662187 a composite number?
False
Is 62257636739 prime?
True
Is 69235301 composite?
False
Is 10112243993 a composite number?
True
Is 3466832783 prime?
True
Is 819168722 prime?
False
Is 288623381 a composite number?
True
Is 154858259 composite?
True
Is 1103205002 composite?
True
Is 18656171351 a composite number?
False
Is 1793179481 prime?
True
Is 50280152973 a composite number?
True
Is 17149513879 composite?
True
Is 1093969351 prime?
True
Is 5412752011 prime?
True
Is 472947743 composite?
True
Is 1422956809 a composite number?
False
Is 362141449 prime?
False
Is 8194546919 a prime number?
False
Is 70539944329 composite?
False
Is 143605175179 composite?
False
Is 1573929187 prime?
True
Is 12748735633 prime?
True
Is 4196049629 a composite number?
True
Is 6269383481 prime?
False
Is 409317773 composite?
True
Is 2191142557 prime?
False
Is 4181784143 composite?
False
Is 117311823322 prime?
False
Is 10134990977 prime?
False
Is 1690459033 composite?
True
Is 17516902223 a prime number?
False
Is 2472598663 a prime number?
False
Is 2915960701 a prime number?
False
Is 384054053 composite?
False
Is 522180649 composite?
False
Is 16897417571 a composite number?
True
Is 948462211 a prime number?
True
Is 1821036427 prime?
False
Is 1000108897 a prime number?
False
Is 1592581391 composite?
False
Is 2544048071 composite?
True
Is 677343509 a prime number?
False
Is 49818207239 a prime number?
False
Is 99920203 composite?
True
Is 310038899 prime?
False
Is 636723697 a prime number?
False
Is 5301913571 prime?
True
Is 25088749271 a prime number?
False
Is 993637649 composite?
False
Is 157216567 a composite number?
True
Is 12210101 prime?
True
Is 2535768797 prime?
False
Is 8822619347 a composite number?
False
Is 55061210527 a prime number?
False
Is 4404107843 prime?
True
Is 70080961 composite?
True
Is 16841995895 a composite number?
True
Is 3813635431 a prime number?
False
Is 16430230151 a composite number?
False
Is 56410477 composite?
False
Is 565014409 prime?
True
Is 1706107477 prime?
True
Is 4133043767 a prime number?
True
Is 1292551129 a prime number?
True
Is 128421094783 a prime number?
True
Is 52427451 a prime number?
False
Is 5245065445 a prime number?
False
Is 5597845885 prime?
False
Is 383908367 prime?
True
Is 33740377529 prime?
False
Is 12310561847 prime?
True
Is 6285577087 prime?
False
Is 561579215 a composite number?
True
Is 2490257483 composite?
True
Is 4664719 prime?
False
Is 8266852877 a prime number?
True
Is 462807971 prime?
True
Is 565953679 composite?
False
Is 780170161 a composite number?
False
Is 1107005891 composite?
True
Is 16886103121 composite?
False
Is 781971661 a prime number?
False
Is 2370789499 a prime number?
False
Is 862066043 prime?
False
Is 27734682491 composite?
False
Is 14525051 prime?
True
Is 920961627 a composite number?
True
Is 1068148729 a composite number?
True
Is 5295401557 composite?
True
Is 12726499529 a prime number?
False
Is 1867192331 a prime number?
False
Is 602882503 prime?
False
Is 35942301847 a composite number?
False
Is 624776641 a prime number?
False
Is 92703467 a prime number?
False
Is 2171936527 a prime numb